?
-2253
In base 9, what is -328 - 2?
-331
In base 6, what is -15 + -41?
-100
In base 13, what is 8a1 + 5?
8a6
In base 5, what is 10031 + -4?
10022
In base 11, what is -3 + 71?
69
In base 2, what is -110 - 1101?
-10011
In base 3, what is 2 - -2211?
2220
In base 16, what is 82 - -5?
87
In base 16, what is 0 + b82?
b82
In base 6, what is -122 - -13?
-105
In base 11, what is -25a - -4a?
-210
In base 7, what is 1236 - 2?
1234
In base 13, what is 1 - 162a?
-1629
In base 9, what is -1487 + -1?
-1488
In base 11, what is -870 + -1?
-871
In base 5, what is 1 + -10131?
-10130
In base 9, what is 245 + -2?
243
In base 10, what is 4 - 342?
-338
In base 9, what is 282 - 1?
281
In base 13, what is 116 - -1?
117
In base 11, what is 7 - -a7?
103
In base 8, what is 5 - 276?
-271
In base 15, what is a06 - 0?
a06
In base 13, what is -101 - -5?
-c9
In base 6, what is -5 - 12135?
-12144
In base 14, what is 1 - -86?
87
In base 9, what is -2 + 34?
32
In base 8, what is -11115 + -3?
-11120
In base 13, what is -3 - -101c?
1019
In base 16, what is 2e + b?
39
In base 2, what is -100 + -1001011110110?
-1001011111010
In base 6, what is -10 - -3214?
3204
In base 9, what is -3 + 203?
200
In base 16, what is 11 - 5?
c
In base 11, what is 6 - 14?
-9
In base 3, what is 1020021 - -2?
1020100
In base 4, what is -12 + -2301?
-2313
In base 14, what is -5 - 364?
-369
In base 7, what is -2316 - 2?
-2321
In base 12, what is 109 + -1?
108
In base 12, what is 13 + -4?
b
In base 15, what is -13 - 1?
-14
In base 6, what is 10 + 12?
22
In base 11, what is 8a + -1?
89
In base 8, what is -336 + -26?
-364
In base 8, what is -4 + 734?
730
In base 14, what is 1b + -4?
17
In base 2, what is 10110010 + 100011?
11010101
In base 15, what is 9c - 6?
96
In base 14, what is -18 - -41?
27
In base 9, what is -4602 - 4?
-4606
In base 4, what is 10 + -1033320?
-1033310
In base 8, what is 13710 + -5?
13703
In base 9, what is 7 + -8?
-1
In base 7, what is -2 + 1515?
1513
In base 10, what is -42 - 69?
-111
In base 13, what is 1b - -36?
54
In base 6, what is -112 + -52?
-204
In base 13, what is -8 + -43?
-4b
In base 2, what is -101 + -10111010111?
-10111011100
In base 16, what is 4 + -b98?
-b94
In base 5, what is 10 - -14?
24
In base 16, what is 8 + 14?
1c
In base 12, what is 4 + 341?
345
In base 9, what is -2 - 238?
-241
In base 12, what is -690 - -5?
-687
In base 16, what is 0 + 200?
200
In base 10, what is 89 - -2?
91
In base 11, what is 63 + -153?
-a0
In base 12, what is 1 - 20?
-1b
In base 14, what is 22a - 1?
229
In base 6, what is -204 + -4?
-212
In base 6, what is 3 - -122?
125
In base 3, what is -12 + 12120112?
12120100
In base 15, what is -146 + 2?
-144
In base 13, what is 0 - 325?
-325
In base 13, what is 25b + 0?
25b
In base 15, what is 66 - -1?
67
In base 8, what is 211 + -2?
207
In base 16, what is -1 + -2d?
-2e
In base 10, what is 0 - 109?
-109
In base 10, what is -38 + 69?
31
In base 8, what is 1 + 4562?
4563
In base 15, what is 14 + 97?
ab
In base 15, what is -2b - 0?
-2b
In base 7, what is 2 - -521?
523
In base 9, what is -256 + 14?
-242
In base 6, what is -304112 + -4?
-304120
In base 16, what is 7f - -d?
8c
In base 10, what is 0 - 303?
-303
In base 5, what is -22043 - -4?
-22034
In base 4, what is 101 - -10?
111
In base 5, what is -311 + -2?
-313
In base 9, what is 5 + 1353?
1358
In base 14, what is 10520 + -3?
1051b
In base 3, what is 12012 - -120?
12202
In base 8, what is 137 + 0?
137
In base 10, what is 17 - -766?
783
In base 15, what is 313 + 1?
314
In base 13, what is a + -21?
-14
In base 6, what is 12001 + -1?
12000
In base 2, what is 11 + 101?
1000
In base 2, what is 100010110111 + -101?
100010110010
In base 3, what is 1100222 + 1?
1101000
In base 12, what is 20 + 198?
1b8
In base 6, what is -105113 + 1?
-105112
In base 15, what is -5 + -49?
-4e
In base 6, what is 24 + -4?
20
In base 4, what is -11 - -123321?
123310
In base 8, what is -11 + 65?
54
In base 11, what is -841 - 1?
-842
In base 3, what is 1001 - -20?
1021
In base 9, what is 5 - -12?
17
In base 16, what is 44 + 1?
45
In base 13, what is -6 + -1b?
-24
In base 5, what is -314330 - -4?
-314321
In base 16, what is -9a + 1?
-99
In base 12, what is -7 + 4b?
44
In base 8, what is 637 - -4?
643
In base 14, what is 599 - -4?
59d
In base 16, what is 8 - 3?
5
In base 3, what is 12 - -11002?
11021
In base 12, what is -36 + -51?
-87
In base 7, what is 5 - 325?
-320
In base 11, what is -2 - -2a9?
2a7
In base 7, what is -13 - 350?
-363
In base 4, what is 100 + 102020?
102120
In base 16, what is -785 + -3?
-788
In base 16, what is bb + 4e?
109
In base 10, what is -4 + -1492?
-1496
In base 7, what is -14540 + -4?
-14544
In base 12, what is b + -5a?
-4b
In base 11, what is 2 + -1a8?
-1a6
In base 8, what is -1322 + -1?
-1323
In base 15, what is 155 + 3?
158
In base 4, what is -303 + 3?
-300
In base 13, what is 4 + -2c?
-28
In base 12, what is -18 + 52?
36
In base 4, what is -132 + 3?
-123
In base 8, what is -122551 - 5?
-122556
In base 10, what is -1167 - 5?
-1172
In base 12, what is -1614 + 2?
-1612
In base 13, what is 24c - -4?
253
In base 12, what is -2 - 14?
-16
In base 9, what is -5 - -1283?
1277
In base 2, what is 1001 + 100011000?
100100001
In base 10, what is 23 + -7?
16
In base 10, what is 4 - 156?
-152
In base 5, what is 12 + -11111?
-11044
In base 7, what is 13 + -1?
12
In base 12, what is -5 - 348?
-351
In base 11, what is -1a7 + 56?
-151
In base 12, what is -1454 - -2?
-1452
In base 10, what is -1 - 161?
-162
In base 5, what is 3 - -12431?
12434
In base 11, what is -6 + 5a?
54
In base 7, what is 3 - 4344?
-4341
In base 7, what is -1 - 50?
-51
In base 10, what is 1931 - 1?
1930
In base 7, what is 44 - -2544?
2621
In base 9, what is 4 - -215?
220
In base 11, what is 11 - -8?
19
In base 13, what is -42c + -a?
-439
In base 8, what is -27 + 114?
65
In base 10, what is -4933 - 3?
-4936
In base 11, what is -2a5a + -2?
-2a61
In base 4, what is 2221202 - 2?
2221200
In base 5, what is 32 + -233?
-201
In base 6, what is -53 - -11?
-42
In base 5, what is 10 - -3201?
3211
In base 16, what is 10 - 50b?
-4fb
In base 9, what is 686 - 3?
683
In base 15, what is 2 - -4c1?
4c3
In base 5, what is 202 - 0?
202
In base 14, what is -6a6 + 4?
-6a2
In base 7, what is -1122 + 3?
-1116
In base 6, what is -5 - 110?
-115
In base 9, what is 26 - -5?
32
In base 6, what is -3320 + -5?
-3325
In base 16, what is 6b9 - -4?
6bd
In base 6, what is 33 - -224?
301
In base 2, what is -10 - -1110011101?
1110011011
In base 15, what is -1db2 + 5?
-1dac
In base 9, what is 375 - 1?
374
In base 9, what is -81 + -25?
-116
In base 8, what is 474 - -2?
476
In base 14, what is 4c5 - -2?
4c7
In base 13, what is -2135 + 0?
-2135
In base 13, what is -19 + -5?
-21
In base 14, what is -5 + 15a?
155
In base 4, what is 31 - -33?
130
In base 9, what is -24 - -12?
-12
In base 8, what is -5 - 21?
-26
In base 15, what is -3 + 8c?
89
In base 4, what is 1000 - -10?
1010
In base 2, what is -11 - -1000?
101
In base 7, what is -4 - -1336?
1332
In base 6, what is 2 + -203?
-201
In base 7, what is 10 - 23?
-13
In base 9, what is 15456 + 2?
15458
In base 13, what is c2 + -1?
c1
In base 11, what is 47 + -18?
2a
In base 13, what is 2 - 1bc?
-1ba
In base 14, what is 505 + 8?
50d
In base 6, what is 21 - 442?
-421
In base 5, what is 20 + -123?
-103
In base 15, what is e + 0?
e
In base 7, what is -65 - 23?
-121
In base 16, what is 1 - 9b?
-9a
In base 2, what is -11000100 + -101?
-11001001
In base 7, what is 4 - -14606?
14613
In base 6, what is -2310 - -5?
-2301
In base 3, what is 110 - 2110001?
-2102121
In base 4, what is 322 - 1011?
-23
In base 10, what is 39 - 2?
37
In base 3, what is 12 + 2101?
2120
In base 3, what is 120220101 + -1?
120220100
In base 11, what is 931 - -5?
936
In base 6, what is 3034 + -1?
3033
In base 4, what is 11 - 2110?
-2033
In base 15, what is -3a + 1?
-39
In base 11, what is -1 - 741?
-742
In base 12, what is 132 + 1?
133
In base 11, what is -1 + 1438?
1437
In base 8, what is -77 - 1?
-100
In base 5, what is -10302 - 34?
-10341
In base 16, what is -1d + -18?
-35
In base 14, what is 32 + -12?
20
In base 16, what is 4f - -33?
82
In base 7, what is -5 + 2521?
2513
In base 15, what is -5 - -8dd?
8d8
In base 7, what is 4 - 1140?
-1133
In base 8, what is -33 + -1?
-34
In base 